 t. Calculate the remainder when k is divided by 16.
13
Let m(j) = -38*j - 9. What is the remainder when 56 is divided by m(-1)?
27
Suppose -5*u = -3*u - 12. Let z(l) be the second derivative of 3*l**4/4 + l**3/6 - 2*l. Calculate the remainder when z(1) is divided by u.
4
Let a = 7 + -7. Suppose a*n + 2*n = 30. Calculate the remainder when (4/(-2))/(4/(-58)) is divided by n.
14
Let o = -1 + 11. Calculate the remainder when 35 is divided by o.
5
Let t = -48 - -80. What is the remainder when t is divided by 11?
10
Let j = 64 - 24. Let m = j - 37. Calculate the remainder when 3/2*(2 + 2) is divided by m.
0
Let r = 25 + -5. Let m = -73 - -108. Suppose m = -0*x + 5*x. Calculate the remainder when r is divided by x.
6
Let w be (2/6)/(4/24). Suppose 0 = 2*i - 10 - w. Calculate the remainder when 28 is divided by i.
4
Let p = -1 + 4. Suppose 0 = -r - 3*r - p*w + 17, 4*r + 4*w - 20 = 0. Suppose -17 = -5*a - r. Calculate the remainder when 7 is divided by a.
1
Let f be (-2)/(-3)*(-2 + -1). Let v = 1 - f. Suppose 3*o = -4*x + 20, -5*o + 27 = -x + 9. What is the remainder when v is divided by x?
1
Suppose 4*d - 9*d - 75 = -5*g, g = -d + 25. What is the remainder when g is divided by 12 - (0 - 1/(-1))?
9
What is the remainder when 10 is divided by (60/21 - 2)*7?
4
Suppose 0 = -2*a + 3 - 1. Calculate the remainder when 19*(-1)/(-1) - a is divided by 10.
8
Suppose 11*w - 151 - 971 = 0. Calculate the remainder when w is divided by 21.
18
Let m(c) = 6*c + 1. What is the remainder when 24 is divided by m(1)?
3
Let g(q) = 20*q**3 - 2*q**2 - q + 2. Calculate the remainder when g(1) is divided by 5.
4
Let z be ((-15)/((-9)/(-3)))/1. Let q = z + 3. Let k(s) = -3*s**3 - 2*s**2 + 3*s + 3. What is the remainder when 51 is divided by k(q)?
12
Suppose -y - 13 = 4*q, -q - 6 = 4*y - y. Let n(h) = -8*h - 7. Calculate the remainder when n(q) is divided by 6.
5
Calculate the remainder when 93 - (2 - (-1 + 0)) is divided by 23.
21
Let g = 6 + 78. What is the remainder when g is divided by 43?
41
Suppose -3*l = 2*l - 160. What is the remainder when l is divided by 17?
15
Suppose q = -2*w - 9, 2*w + 6 + 6 = -2*q. Let g = q - -10. Let f(d) = d**2 - d - 3. What is the remainder when g is divided by f(3)?
1
Suppose -5*c + 3*w + 4 + 36 = 0, -5*c = 5*w. What is the remainder when 14 is divided by c?
4
Suppose 3*v - 4*v = -12. Calculate the remainder when v is divided by (-37)/(-7) + 2/(-7).
2
Suppose l = 5*l - 344. Suppose 5*x = -k + 110, 4*x - 16 - l = 2*k. Suppose 0 = n - 0*n - x. Calculate the remainder when n is divided by 12.
11
Suppose -5*b = -8 - 7. Suppose b*s = 8 + 25. Let o(x) = 9*x**2 + 3*x + 1. What is the remainder when o(-2) is divided by s?
9
Suppose 2*v = -5*b - v + 157, -4*v - 13 = -b. Suppose 5*k = -0*k + 5, -3*o + 4*k = -b. Let q = 11 + -5. What is the remainder when o is divided by q?
5
Let d be (-2)/4*0/(-10). Suppose -3 + d = -u. What is the remainder when (-1 + (-1)/(-2))*-16 is divided by u?
2
Suppose 12*u - 252 = 3*u. Calculate the remainder when 111 is divided by u.
27
Suppose r + 9 = 2*r. Suppose z - 4*m = 0, 5*m + 3 = 4*z - 8. What is the remainder when r is divided by z?
1
Suppose r = -0*r + 59. Let u = 1 - -3. Suppose 5*m + 4*n - r = 0, n - u*n - 27 = -m. Calculate the remainder when 43 is divided by m.
13
Suppose -2*f + 12 = f. Suppose -2*w - 3*m = 2*w - 55, f*m + 44 = 2*w. Calculate the remainder when 47 is divided by w.
15
Suppose 0 = -4*f - 5*c + 116, 0 = 2*f + 5*c + 22 - 90. Let b be 8/3*(-3)/2. Calculate the remainder when f is divided by b*(-1 - 9/4).
11
Let o = 8 - 6. Suppose 0 = o*i + i - 12. Calculate the remainder when (i/10)/(2/40) is divided by 3.
2
Let t = -2 - -15. Calculate the remainder when 24 is divided by t.
11
Suppose -109 = -3*i + 2*t, -i = 3*t - 25 - 4. Calculate the remainder when i is divided by 18.
17
Let z(b) be the second derivative of -b**4/12 - 11*b**3/6 - 4*b**2 + b. What is the remainder when z(-6) is divided by 8?
6
Let q(o) = 6*o**2 - o. Suppose -j = -2*p + 4*j + 5, -4*p + 70 = 2*j. Calculate the remainder when q(-3) is divided by p.
12
Suppose 2*i + 9 = 3, -5*i + 33 = 4*v. Let d(c) = 7*c**3 - 3*c**2 + c - 1. What is the remainder when d(2) is divided by v?
9
Let q = 10 + -8. Suppose 0 = 2*u + q*y - 0*y - 10, -19 = -5*u - 2*y. What is the remainder when u is divided by 1?
0
Suppose -4*l + 225 = l. Suppose -4*y + 3*z + z + 12 = 0, -y + 3*z - 7 = 0. What is the remainder when l is divided by y?
5
Let j be (3 - (2 - 0))*0. Suppose 5*m = 20, -m = q - j*m - 47. Calculate the remainder when q is divided by 15.
13
Let f = 1284 + -1926. What is the remainder when 2/(-4) - f/12 is divided by 14?
11
Suppose -l + 6 = g + l, -g = 4*l. Calculate the remainder when 47 is divided by g.
11
Let z(j) = -j + 7. Let x be z(6). Let w = 0 + x. What is the remainder when w is divided by 1?
0
Suppose 5*z + 5 = q, 0 = z - 2 + 3. Let v(r) = 2 - 2*r - 2*r**2 - 2*r**2 - 3*r**3 + q*r**2 + 2*r**3. Calculate the remainder when 28 is divided by v(-4).
8
Let c(t) = 39*t - 278. Let x = 4 - -21. What is the remainder when c(9) is divided by x?
23
Suppose 0 = -2*q + q + 16. Suppose 5*i - 27 - 18 = 0. What is the remainder when q is divided by i?
7
Let l(w) = w**3 - 9*w**2 + 12*w - 11. Calculate the remainder when l(8) is divided by 12.
9
Suppose 5*w = 14*w - 18. Calculate the remainder when 9 is divided by w.
1
Calculate the remainder when 52 is divided by 66/(-4)*2*2/(-6).
8
Let u be (9 + -8)*(-2)/(-1). Suppose 4*i - 249 = -3*p, 0 = u*i + 4*p + 11 - 143. Calculate the remainder when i is divided by 21.
18
Suppose 2*x - 20 + 5 = -3*i, 0 = -x - i + 9. What is the remainder when 59 is divided by x?
11
Let m = -8 + 11. Suppose 2*t + h + 5 = 4*t, 2*t = 4*h - 10. Let p = 6 - t. What is the remainder when m is divided by p?
0
Let p = 15 + -15. Suppose -5*f + 3*h = -3*f + 4, 3*f + 3*h - 24 = p. Let d(a) = a**3 - 4*a + 3. What is the remainder when f is divided by d(2)?
1
Let r(t) = -2*t - 9*t**2 + t**3 - 2*t**3 + 10*t - 21 + 9. Calculate the remainder when 14 is divided by r(-10).
6
Suppose 4*w - 44 = -0*g - 3*g, 3*w = 2*g + 16. Let i(v) = v**3 + 4*v**2 - 6*v - 2. Calculate the remainder when w is divided by i(-5).
2
Let z(o) = -o + 30. What is the remainder when 65 is divided by z(8)?
21
Let c be 12 + (0 - (0 + 2)). Suppose -28 + c = -3*i. Calculate the remainder when 11 is divided by i.
5
Let c = 8 - 4. Suppose -c*b = -0*b - 12. Calculate the remainder when b is divided by 1.
0
Suppose -h - 3*h = 8, -3*a = h - 40. Calculate the remainder when a is divided by 6.
2
Calculate the remainder when ((-16)/(-10))/((-8)/(-120)) is divided by 7.
3
Let y = 8 - 15. Let m = 8 + y. Calculate the remainder when 1 is divided by m.
0
Let h = 37 + -21. Let u be -1*-3*(-12)/9. Let a = 10 + u. What is the remainder when h is divided by a?
4
Let h(v) = v - 4. Let c be h(4). Suppose c = -y + 7 + 4. What is the remainder when 42 is divided by y?
9
Suppose -10*q + 5*q = -70. Calculate the remainder when q is divided by -2 - 6/(-1) - -1.
4
Let a be (-14 + 6)/(1 - 0). Let p = a + 11. Suppose 3*j - 5*h = 20, 5*j + p*h - 56 = -0*j. What is the remainder when 19 is divided by j?
9
Let i be (12/5 + -2)*-5. Let p be (3 - 1)/(i/(-109)). Suppose 5*l = 2*m + 82 + 31, p = 5*l - m. What is the remainder when l is divided by 11?
10
Let r(k) = -k**3 + 7*k**2 - 4*k + 2. Let d be r(6). Suppose -g = -10 - d. What is the remainder when g is divided by 5?
4
Suppose 0 = 2*h - 0*h - 84. What is the remainder when h is divided by 22?
20
Let f(h) = 3*h - 3. Let i = 15 + -9. Calculate the remainder when f(4) is divided by i.
3
Suppose 0 = -5*f + l + 2, 10 = -f - 7*l + 2*l. Suppose f = -5*j + 46 + 74. Let q = 0 - -9. Calculate the remainder when j is divided by q.
6
Suppose -5*j = -2*j + 12, m - 3*j = 51. What is the remainder when m is divided by 20?
19
Suppose -5*i = 5, -8*n = -4*n + 4*i - 40. What is the remainder when n is divided by 8/(-6)*(-2 - 1)?
3
Let g be (-3)/(-12) - (-446)/8. Let a = -40 + g. Calculate the remainder when 63 is divided by a.
15
Suppose -2*c - 3*n - 35 = -91, -5*c - 4*n = -147. Let i = -17 + c. Calculate the remainder when 40 is divided by i.
12
What is the remainder when -2*-83*1/2 is divided by 17?
15
Suppose -i - 14 = -2*a, 4*a - 6 - 6 = i. Let n = 23 - i. What is the remai